- r. Is i a composite number?
False
Let l be ((-3)/9)/(7 + (-85)/12). Let d = -786 - -1195. Suppose -2*y + 1636 = 4*m + 3*y, 0 = m + l*y - d. Is m a composite number?
False
Let i = 105 - 63. Let s = -38 + i. Suppose s*d = h + 1917, 1503 = 5*d - 4*h - 896. Is d composite?
False
Suppose 20 = -3*p + 8*p. Suppose -w + 5*h = 35, 55 = -5*w - h - p*h. Is 8/40 + (-10542)/w composite?
True
Let c = 5 + 4. Suppose -c*i + 7*i + 84 = 0. Suppose 4*h = 254 - i. Is h a composite number?
False
Let c be 282949/8 - (2 + 209/(-88)). Suppose -2*a - c = -3*a + 2*z, 176830 = 5*a - 5*z. Is a a composite number?
False
Is 6*(-138150728)/(-240) - 132/110 prime?
True
Let n(k) = 43*k**3 - 3*k**2 + 3*k - 9. Let v(r) = r**3 - 9*r**2 + 13*r + 9. Let w be v(8). Suppose 0 = u - w + 45. Is n(u) a prime number?
True
Let v(h) = 116*h - 31. Let z = -77 - -60. Let y(s) = -s**2 - 19*s - 21. Let a be y(z). Is v(a) prime?
False
Let i(z) = z**3 - 75*z**2 - 187*z + 721. Is i(82) a prime number?
False
Suppose 5*p + 50 = 60. Suppose -p + 90 = -4*a. Is 37*(-1)/(2/a) a composite number?
True
Let x(n) = 4*n**2 + 7*n - 4147. Let t(c) = -5*c**2 - 8*c + 4146. Let z(v) = -6*t(v) - 7*x(v). Is z(0) prime?
True
Let r(x) be the second derivative of -3*x**5/20 - 7*x**4/12 + 13*x**3/3 - x**2/2 - 6*x + 5. Is r(-17) prime?
False
Is 1434185/(16 + -11) + 0 composite?
True
Suppose 4*r - 2*x - 1386 = 0, 0*r + 4*r + x = 1377. Suppose 698*o + 11252 = 669*o. Let u = r - o. Is u composite?
False
Let g(j) = -j**3 - 6*j**2 - 6*j - 9. Let x be g(-4). Let z(r) = -4*r + 5*r + 18*r + 2*r**2 - 4. Is z(x) a composite number?
False
Let o = 43 + -41. Suppose -2*p - h = -o*h - 9, 3*p - 13 = h. Suppose -3*s = -p*s + 4151. Is s a composite number?
True
Suppose -16*k = -12*k - 20. Suppose 5*f = 4*o - 6*o + 80, -k*o + 158 = 2*f. Is ((-2373)/14)/((-9)/o) a prime number?
False
Let g be -1 + 4 - (1 + 0 + -2). Let k be (g/(-3))/(12/(-9)) - -3350. Suppose -3*l + k = -2046. Is l a composite number?
True
Suppose 0*s + 2*g - 230 = 2*s, -g = 4*s + 440. Let i = s - -698. Is i a prime number?
True
Suppose 45677 + 65123 = 19*x - 198919. Is x prime?
True
Suppose -j - 33364 = -c + 2712, -5*c + 4*j = -180377. Is c composite?
False
Let y = -275 - -278. Suppose -y*v = -3*t + 6165, 8188 = 4*t + v + 3*v. Is t a prime number?
False
Let w(z) = 153*z + 40. Suppose 5*m + 25 = 4*x + x, -4*x + 48 = 3*m. Is w(x) prime?
False
Let b = -40 - -45. Let i be 4 - (b/(-5) - -1). Suppose -9*d + 4535 = -i*d. Is d a prime number?
True
Suppose a = 4*n - 3 - 5, -4*a - 5*n + 52 = 0. Suppose -5*x + 10 = 5*h, -4*x + 11 = a*h - 3*h. Is h + (4 - 936/(-3)) a composite number?
True
Let p = -19776 + 78139. Is p prime?
True
Let m = 18323 + -8404. Let o = m - 6372. Is o a prime number?
True
Suppose 5*n - 49 = 16. Let t = 18 - n. Suppose t*q - 5*f = 1055, 0*q + 4*q + 4*f - 844 = 0. Is q composite?
False
Let p = 87 + -85. Suppose 2*n + n + g + 22 = 0, p*n + 4*g = -28. Is (3 - -714)*3/n*-2 prime?
False
Suppose -4215178 = -315*d + 158*d + 135*d. Is d a prime number?
True
Suppose 121 + 247 = -4*u - 4*g, -4*g - 464 = 5*u. Let n = u + 107. Suppose -447 = -n*y + 8*y. Is y prime?
True
Let y be (2/(-4))/(5/150). Let c(w) = -7*w - 15*w**2 - w + 3*w - w**3 + 0*w**2 - 13. Is c(y) prime?
False
Let c = -1434 + 3893. Is c composite?
False
Let v be 450/(-18) - ((2 - 0) + -5). Let m(t) = -14*t - 37. Let w be m(v). Suppose -3*j + w = -5*q, 0*j + 2*q - 72 = -j. Is j a prime number?
False
Let n(s) = 3060*s**3 - 6*s**2 + 45*s - 110. Is n(3) prime?
True
Suppose -y + 2 = -0*a + 3*a, 2*a = -2. Suppose 2*o - 3 = -3*w + y, 3*w = -o + 10. Suppose 385 = m + w*m. Is m prime?
False
Suppose 439*k - 444*k + 4*u + 1189729 = 0, 4*k - u = 951803. Is k a composite number?
True
Let q(d) = -11*d**3 + 4*d**2 - 31. Let b be q(-5). Let s(i) = -864*i + 3. Let f be s(-3). Let v = f - b. Is v a composite number?
False
Let w(z) = 12*z**3 - 2*z**2 + 1. Let d be w(1). Let r(u) = -u**3 + 10*u**2 + 12*u - 9. Let i be r(d). Suppose -i*q - 2*q + 1628 = 0. Is q a prime number?
False
Let s be 14*4/(-8) + 11924. Suppose -7*i + 21928 + s = 0. Is i prime?
False
Suppose -4*p + 2*v + 572228 = 0, 0 = -5*p + 3*v + 469867 + 245422. Is p composite?
False
Let p = 566443 - 369650. Is p prime?
False
Let d = 457264 + -289553. Is d composite?
False
Let l(g) = 97*g**2 + 427*g + 15229. Is l(-35) composite?
True
Let b(v) = 17*v**2 + 1 - 8 + 146*v - 148*v + 51*v**2. Is b(-6) prime?
False
Let j(w) = -2*w + 5. Let b be j(0). Suppose b*u = 5*k - 2355, 3*k + 5*u - 921 = k. Suppose 0 = -s + 2*q - q + k, -5*s - 2*q = -2347. Is s a prime number?
False
Let z = -51 + 50. Let v be 15 - 6 - (-4)/z. Suppose 5*j - 3286 = 3*j - v*p, -4*j + 6572 = -2*p. Is j a composite number?
True
Suppose 281634 + 49721 = 5*r - 102480. Is r prime?
True
Let h(n) = 237*n**2 + 9*n - 11. Let w be -3*-1*(-1 + 4 + -2). Is h(w) prime?
False
Suppose -3*f + 4*f + 4*l + 8 = 0, -5*l = -5*f + 60. Suppose -f*x - 17810 = -99882. Is x a composite number?
False
Let a(k) = -k**2 - 79*k - 235. Let t be a(-41). Let f = -1139 - -559. Let x = f + t. Is x prime?
True
Suppose 9*t - 2*t = 8*t - 242971. Is t composite?
False
Suppose 0 = 37*l + 86*l - 2824203. Is l a composite number?
False
Let k = 73 + -59. Suppose k*p - 69122 = -19940. Is p a prime number?
False
Suppose -282 = -2*s + 6. Let b be (s/(-45))/((-8)/20). Is 2334/(((-1)/(-2))/(2/b)) prime?
False
Let m be 77984/(-7) + -12*8/224. Let z = m - -17520. Is z composite?
False
Suppose m - 494114 = -5*r, -5*m - 1505*r + 1500*r = -2470630. Is m a prime number?
True
Let f = 47603 + -12445. Let m = f - 3686. Is (m/(-70))/((-2)/10) + 3 a prime number?
True
Let o(c) = 3*c**2 - 9*c - 2. Let f(d) = 2*d + 12. Let t be f(-4). Let k be o(t). Is ((-182)/10)/(k/(-50)) a prime number?
False
Is (-1 - 7466410/(-4))*(1444/(-228) - -7) prime?
True
Let v = 39257 + -29124. Is v a composite number?
False
Suppose -35665 = 25*p - 18*p. Let c = 9342 + p. Is c a prime number?
False
Suppose 14*i = 23 + 5. Suppose -k - 2281 = -i*v, 0*v - v + 1145 = -2*k. Is v a prime number?
False
Let j = -1164827 + 1659970. Is j a composite number?
True
Is 38*-2*(-214986)/24 a prime number?
False
Is (-3214*46/(-12))/((-10)/(-30)) a prime number?
False
Suppose 0 = 2*m + 10*n - 9*n - 13765, 2*m - 13747 = 5*n. Suppose 42317 = 5*r + 4*i, -m + 23815 = 2*r + 4*i. Is r composite?
False
Is (14 - 2) + 720649 + 6 a prime number?
False
Suppose 10*l + 29*l - 8198600 = -l. Is l prime?
False
Suppose 80*n + 77*n = 39883111 + 4991100. Is n prime?
True
Let s be 5 + -4 + -1 + 2 - -78. Let z = s - 73. Suppose 0 = z*a - 11*a + 2516. Is a a prime number?
False
Suppose -5*p = 2*s - 1, 4*p + 3 = 3*p - 2*s. Let x be (1 + 0)/(16/(-32)). Is (-2 + -671)*(x + p) prime?
True
Suppose -u - 3 = -2*u, 4*z - 47 = -5*u. Suppose -22384 = -z*y - 8*y. Is y composite?
False
Let p be 0 + (1 - (-25)/5). Let l(k) = 1056*k + 75. Let n(t) = -528*t - 37. Let g(v) = p*l(v) + 13*n(v). Is g(-9) a prime number?
True
Let a = 45494 - -39099. Is a composite?
True
Is (77482/133)/(42/10437) composite?
True
Let d(b) = 544*b**2 + 265*b + 35. Is d(16) prime?
False
Let a = -289 + 303. Suppose a*i - 2998 = 7040. Is i composite?
True
Let v(u) = 712*u - 64. Let r(m) = -715*m + 63. Let o(i) = -3*r(i) - 2*v(i). Is o(6) prime?
False
Let f(a) be the second derivative of 17*a**3/2 - 13*a**2 + 37*a + 28. Let w(r) = -r + 7. Let i be w(0). Is f(i) composite?
False
Let p(m) = -m**3 - m**2 - m + 505. Suppose 5*y - 4*k - 4 = 0, -1 + 2 = y - k. Let l be p(y). Suppose h = -0*h + l. Is h a prime number?
False
Let f be ((-9)/(-6))/(3/26). Let w = 16 - f. Suppose -5*k - 1351 = -b, -w*b + k + 4495 = 442. Is b prime?
False
Suppose 9*g - 42 = 12*g. Let x be 329/g*(0 - 192). Is (-3)/4*(-4 - x) a composite number?
True
Suppose -4*y - 129957 = -p, -113*y + 120*y = 28. Is p prime?
False
Let u = 27811 - 15030. Is u prime?
True
Let d(x) = -2*x**3 + 4*x - x**2 + 3 - 1 - x. Let o be d(4). Is 48/40*o/(-6) composite?
True
Suppose -44*c + 274170 = -865075 - 193647. Is c a composite number?
False
Suppose 4*l - 336*g - 472832 = -339*g, 4*g - 472828 = -4*l. Is l a composite number?
False
Suppose -4607391 = -72*v + 6484281. Is v composite?
True
Suppose -t + 4*d - 4159 = 0, -5*t + 5*d - 11478 = 9362. Let w = 3682 - t. Is w prime?
True
Let l = 4797 + 9604. Is l prime?
True
Let